{"id":1773,"date":"2026-07-17T10:18:11","date_gmt":"2026-07-17T09:18:11","guid":{"rendered":"https:\/\/szkolaszpitalna.rzeszow.pl\/strona\/?page_id=1773"},"modified":"2026-07-17T10:18:11","modified_gmt":"2026-07-17T09:18:11","slug":"historia-szkoly","status":"publish","type":"page","link":"https:\/\/szkolaszpitalna.rzeszow.pl\/strona\/historia-szkoly\/","title":{"rendered":"Historia szko\u0142y"},"content":{"rendered":"<div data-spectra-id=\"spectra-mezd8i56-1kn269\"\tclass=\"spectra-is-root-container alignfull spectra-overlay-color spectra-background-color wp-block-spectra-container is-horizontal is-content-justification-center is-nowrap is-layout-flex wp-container-spectra-container-is-layout-bc8c2d36 wp-block-spectra-container-is-layout-flex\" data-orientation=\"horizontal\" style=\"--spectra-background-color: var(--ast-global-color-5);\"\t>\n\t\n<div data-spectra-id=\"spectra-mezd8i55-zc8622\" class=\"spectra-overlay-color wp-block-spectra-container is-horizontal is-content-justification-center is-nowrap is-layout-flex wp-container-spectra-container-is-layout-a2f5e90b wp-block-spectra-container-is-layout-flex\" data-orientation=\"horizontal\">\n\t\n<div data-spectra-id=\"spectra-mezd8i54-3fydqq\" class=\"spectra-overlay-color wp-block-spectra-container is-layout-grid wp-container-spectra-container-is-layout-5ab56a3c wp-block-spectra-container-is-layout-grid\" data-orientation=\"horizontal\">\n\t\n\t<p data-spectra-id=\"spectra-mgqpag3w-55svwo\" class=\"has-text-color has-link-color spectra-text-color wp-elements-34064149c82cb6fdbd7b17b9c629bb69 wp-block-spectra-content has-ast-global-color-3-color\" style=\"--spectra-text-color: var(--wp--preset--color--ast-global-color-3)\">\n\t\tZesp\u00f3\u0142 Szk\u00f3\u0142 przy Klinicznym Szpitalu Wojew\u00f3dzkim Nr 2 im. \u015aw. Jadwigi Kr\u00f3lowej w Rzeszowie powsta\u0142 w\u00a0<strong>1990 roku jako Szko\u0142a Podstawowa nr 36<\/strong>\u00a0w wyniku przekszta\u0142cenia Punktu Filialnego Szko\u0142y Podstawowej nr 12 w Rzeszowie. W\u00f3wczas obj\u0119li\u015bmy nauczaniem dzieci hospitalizowane w oddzia\u0142ach Szpitala Wojew\u00f3dzkiego nr 2 przy ul. Lwowskiej (pediatria, chirurgia, urologia i neurologia).<br><strong>1 wrze\u015bnia 1992 roku rozszerzyli\u015bmy swoj\u0105 dzia\u0142alno\u015b\u0107<\/strong>\u00a0rozpoczynaj\u0105c nauczanie:<br>&#8211; w Szpitalu Wojew\u00f3dzkim nr 1 przy ul. Szopena (ortopedia, dermatologia, rehabilitacja)<br>&#8211; w Szpitalu Miejskim przy ul. Rycerskiej (oddzia\u0142 pulmonologiczny).<br>Niezwykle wa\u017cnym wydarzeniem w historii naszej plac\u00f3wki by\u0142o\u00a0<strong>nadanie szkole imienia Marii Grzegorzewskiej<\/strong>\u00a0prekursorki szkolnictwa specjalnego w Polsce. Uroczysto\u015b\u0107 mia\u0142a miejsce 18 kwietnia 1999 roku. W tym samym roku stali\u015bmy si\u0119 cz\u0142onkami Ko\u0142a Szk\u00f3\u0142 im. Marii Grzegorzewskiej przy Akademii Pedagogiki Specjalnej w Warszawie.<br>W\u00a0<strong>roku 1999<\/strong>\u00a0zosta\u0142o powo\u0142ane do \u017cycia\u00a0<strong>Gimnazjum Specjalne<\/strong>, kt\u00f3re wraz ze Szko\u0142\u0105 Podstawow\u0105 nr 36 oraz powsta\u0142ym w\u00a0<strong>2010 roku Liceum Og\u00f3lnokszta\u0142c\u0105cym<\/strong>\u00a0tworzy do dzi\u015b Zesp\u00f3\u0142 Szk\u00f3\u0142 przy Klinicznym Szpitalu Wojew\u00f3dzkim Nr 2 im. \u015aw. Jadwigi Kr\u00f3lowej w Rzeszowie.<br>Od roku szkolnego 2003\/2004 w strukturze szko\u0142y pojawi\u0142y si\u0119\u00a0<strong>pozalekcyjne zespo\u0142y zaj\u0119\u0107 wychowawczych<\/strong>\u00a0funkcjonuj\u0105ce 7 dni w tygodniu od poniedzia\u0142ku do niedzieli, tak\u017ce w okresie ferii i wakacji.<br><strong>1 wrze\u015bnia 2007<\/strong>\u00a0roku rozszerzyli\u015bmy dzia\u0142alno\u015b\u0107 w zwi\u0105zku z otwarciem\u00a0<strong>Oddzia\u0142u Psychiatrii dla Dzieci i M\u0142odzie\u017cy w \u0141a\u0144cucie<\/strong>\u00a0w Zespole Opieki Zdrowotnej w \u0141a\u0144cucie. Do dzi\u015b funkcjonuj\u0105 tam dwa oddzia\u0142y, w kt\u00f3rych hospitalizowana jest m\u0142odzie\u017c: oddzia\u0142 dzienny i stacjonarny, a plac\u00f3wka nosi nazw\u0119 Centrum Medyczne w \u0141a\u0144cucie.<br><strong>13 lutego 2012 roku\u00a0<\/strong>rozpocz\u0119li\u015bmy nauczanie w nowo powsta\u0142ym<strong>\u00a0Regionalnym O\u015brodku Rehabilitacyjno-Edukacyjnym dla Dzieci i M\u0142odzie\u017cy im. B\u0142. Jana Paw\u0142a II w Rzeszowie\u00a0<\/strong>na oddzia\u0142ach<strong>:\u00a0<\/strong>rehabilitacji og\u00f3lnoustrojowej, rehabilitacji neurologicznej oraz dziennych oddzia\u0142ach: rehabilitacji psychiatrycznej i neurorehabilitacji.<br>Natomiast w\u00a0<strong>styczniu 2015 roku<\/strong>\u00a0obj\u0119li\u015bmy nauczaniem dzieci i m\u0142odzie\u017c hospitalizowan\u0105 w dw\u00f3ch nowych oddzia\u0142ach: alergologii i onkohematologii dzieci\u0119cej, a\u00a0<strong>w 2016 roku<\/strong>\u00a0w oddziale endokrynologii w Klinicznym Szpitalu przy ul. Lwowskiej.<br>Obecnie pracujemy w dw\u00f3ch szpitalach: w Rzeszowie i w \u0141a\u0144cucie obejmuj\u0105c nauczaniem dzieci i m\u0142odzie\u017c przebywaj\u0105c\u0105 w 15 oddzia\u0142ach szpitalnych.\t<\/p>\n\n<\/div>\n\n<\/div>\n\n<\/div>\n","protected":false},"excerpt":{"rendered":"","protected":false},"author":1,"featured_media":0,"parent":0,"menu_order":0,"comment_status":"closed","ping_status":"closed","template":"","meta":{"_uag_custom_page_level_css":"","site-sidebar-layout":"default","site-content-layout":"","ast-site-content-layout":"default","site-content-style":"default","site-sidebar-style":"default","ast-global-header-display":"","ast-banner-title-visibility":"","ast-main-header-display":"","ast-hfb-above-header-display":"","ast-hfb-below-header-display":"","ast-hfb-mobile-header-display":"","site-post-title":"","ast-breadcrumbs-content":"","ast-featured-img":"","footer-sml-layout":"","ast-disable-related-posts":"","theme-transparent-header-meta":"","adv-header-id-meta":"","stick-header-meta":"","header-above-stick-meta":"","header-main-stick-meta":"","header-below-stick-meta":"","astra-migrate-meta-layouts":"set","ast-page-background-enabled":"default","ast-page-background-meta":{"desktop":{"background-color":"","background-image":"","background-repeat":"repeat","background-position":"center center","background-size":"auto","background-attachment":"scroll","background-type":"","background-media":"","overlay-type":"","overlay-color":"","overlay-opacity":"","overlay-gradient":""},"tablet":{"background-color":"","background-image":"","background-repeat":"repeat","background-position":"center center","background-size":"auto","background-attachment":"scroll","background-type":"","background-media":"","overlay-type":"","overlay-color":"","overlay-opacity":"","overlay-gradient":""},"mobile":{"background-color":"","background-image":"","background-repeat":"repeat","background-position":"center center","background-size":"auto","background-attachment":"scroll","background-type":"","background-media":"","overlay-type":"","overlay-color":"","overlay-opacity":"","overlay-gradient":""}},"ast-content-background-meta":{"desktop":{"background-color":"var(--ast-global-color-5)","background-image":"","background-repeat":"repeat","background-position":"center center","background-size":"auto","background-attachment":"scroll","background-type":"","background-media":"","overlay-type":"","overlay-color":"","overlay-opacity":"","overlay-gradient":""},"tablet":{"background-color":"var(--ast-global-color-5)","background-image":"","background-repeat":"repeat","background-position":"center center","background-size":"auto","background-attachment":"scroll","background-type":"","background-media":"","overlay-type":"","overlay-color":"","overlay-opacity":"","overlay-gradient":""},"mobile":{"background-color":"var(--ast-global-color-5)","background-image":"","background-repeat":"repeat","background-position":"center center","background-size":"auto","background-attachment":"scroll","background-type":"","background-media":"","overlay-type":"","overlay-color":"","overlay-opacity":"","overlay-gradient":""}},"_zipai_imported":false,"_zipai_import_id":"","footnotes":""},"class_list":["post-1773","page","type-page","status-publish","hentry"],"spectra_blocks_featured_image_url":null,"spectra_blocks_author_info":{"display_name":"admin","avatar_url":"https:\/\/secure.gravatar.com\/avatar\/b82c45cbdb76820d6808085cdcd0e9c9db1ea01a25c8b3111c342be1ca15c36a?s=96&d=mm&r=g","author_link":"https:\/\/szkolaszpitalna.rzeszow.pl\/strona\/author\/admin\/","description":""},"uagb_featured_image_src":{"full":false,"thumbnail":false,"medium":false,"medium_large":false,"large":false,"1536x1536":false,"2048x2048":false},"uagb_author_info":{"display_name":"admin","author_link":"https:\/\/szkolaszpitalna.rzeszow.pl\/strona\/author\/admin\/"},"uagb_comment_info":0,"uagb_excerpt":null,"_links":{"self":[{"href":"https:\/\/szkolaszpitalna.rzeszow.pl\/strona\/wp-json\/wp\/v2\/pages\/1773","targetHints":{"allow":["GET"]}}],"collection":[{"href":"https:\/\/szkolaszpitalna.rzeszow.pl\/strona\/wp-json\/wp\/v2\/pages"}],"about":[{"href":"https:\/\/szkolaszpitalna.rzeszow.pl\/strona\/wp-json\/wp\/v2\/types\/page"}],"author":[{"embeddable":true,"href":"https:\/\/szkolaszpitalna.rzeszow.pl\/strona\/wp-json\/wp\/v2\/users\/1"}],"replies":[{"embeddable":true,"href":"https:\/\/szkolaszpitalna.rzeszow.pl\/strona\/wp-json\/wp\/v2\/comments?post=1773"}],"version-history":[{"count":0,"href":"https:\/\/szkolaszpitalna.rzeszow.pl\/strona\/wp-json\/wp\/v2\/pages\/1773\/revisions"}],"wp:attachment":[{"href":"https:\/\/szkolaszpitalna.rzeszow.pl\/strona\/wp-json\/wp\/v2\/media?parent=1773"}],"curies":[{"name":"wp","href":"https:\/\/api.w.org\/{rel}","templated":true}]}}

Historia szkoły

<div data-spectra-id="spectra-mezd8i56-1kn269"	class="spectra-is-root-container alignfull spectra-overlay-color spectra-background-color wp-block-spectra-container is-horizontal is-content-justification-center is-nowrap is-layout-flex wp-container-spectra-container-is-layout-bc8c2d36 wp-block-spectra-container-is-layout-flex" data-orientation="horizontal" style="--spectra-background-color: var(--ast-global-color-5);"	>
	
<div data-spectra-id="spectra-mezd8i55-zc8622" class="spectra-overlay-color wp-block-spectra-container is-horizontal is-content-justification-center is-nowrap is-layout-flex wp-container-spectra-container-is-layout-a2f5e90b wp-block-spectra-container-is-layout-flex" data-orientation="horizontal">
	
<div data-spectra-id="spectra-mezd8i54-3fydqq" class="spectra-overlay-color wp-block-spectra-container is-layout-grid wp-container-spectra-container-is-layout-5ab56a3c wp-block-spectra-container-is-layout-grid" data-orientation="horizontal">
	
	<p data-spectra-id="spectra-mgqpag3w-55svwo" class="has-text-color has-link-color spectra-text-color wp-elements-34064149c82cb6fdbd7b17b9c629bb69 wp-block-spectra-content has-ast-global-color-3-color" style="--spectra-text-color: var(--wp--preset--color--ast-global-color-3)">
		Zespół Szkół przy Klinicznym Szpitalu Wojewódzkim Nr 2 im. Św. Jadwigi Królowej w Rzeszowie powstał w <strong>1990 roku jako Szkoła Podstawowa nr 36</strong> w wyniku przekształcenia Punktu Filialnego Szkoły Podstawowej nr 12 w Rzeszowie. Wówczas objęliśmy nauczaniem dzieci hospitalizowane w oddziałach Szpitala Wojewódzkiego nr 2 przy ul. Lwowskiej (pediatria, chirurgia, urologia i neurologia).<br><strong>1 września 1992 roku rozszerzyliśmy swoją działalność</strong> rozpoczynając nauczanie:<br>&#8211; w Szpitalu Wojewódzkim nr 1 przy ul. Szopena (ortopedia, dermatologia, rehabilitacja)<br>&#8211; w Szpitalu Miejskim przy ul. Rycerskiej (oddział pulmonologiczny).<br>Niezwykle ważnym wydarzeniem w historii naszej placówki było <strong>nadanie szkole imienia Marii Grzegorzewskiej</strong> prekursorki szkolnictwa specjalnego w Polsce. Uroczystość miała miejsce 18 kwietnia 1999 roku. W tym samym roku staliśmy się członkami Koła Szkół im. Marii Grzegorzewskiej przy Akademii Pedagogiki Specjalnej w Warszawie.<br>W <strong>roku 1999</strong> zostało powołane do życia <strong>Gimnazjum Specjalne</strong>, które wraz ze Szkołą Podstawową nr 36 oraz powstałym w <strong>2010 roku Liceum Ogólnokształcącym</strong> tworzy do dziś Zespół Szkół przy Klinicznym Szpitalu Wojewódzkim Nr 2 im. Św. Jadwigi Królowej w Rzeszowie.<br>Od roku szkolnego 2003/2004 w strukturze szkoły pojawiły się <strong>pozalekcyjne zespoły zajęć wychowawczych</strong> funkcjonujące 7 dni w tygodniu od poniedziałku do niedzieli, także w okresie ferii i wakacji.<br><strong>1 września 2007</strong> roku rozszerzyliśmy działalność w związku z otwarciem <strong>Oddziału Psychiatrii dla Dzieci i Młodzieży w Łańcucie</strong> w Zespole Opieki Zdrowotnej w Łańcucie. Do dziś funkcjonują tam dwa oddziały, w których hospitalizowana jest młodzież: oddział dzienny i stacjonarny, a placówka nosi nazwę Centrum Medyczne w Łańcucie.<br><strong>13 lutego 2012 roku </strong>rozpoczęliśmy nauczanie w nowo powstałym<strong> Regionalnym Ośrodku Rehabilitacyjno-Edukacyjnym dla Dzieci i Młodzieży im. Bł. Jana Pawła II w Rzeszowie </strong>na oddziałach<strong>: </strong>rehabilitacji ogólnoustrojowej, rehabilitacji neurologicznej oraz dziennych oddziałach: rehabilitacji psychiatrycznej i neurorehabilitacji.<br>Natomiast w <strong>styczniu 2015 roku</strong> objęliśmy nauczaniem dzieci i młodzież hospitalizowaną w dwóch nowych oddziałach: alergologii i onkohematologii dziecięcej, a <strong>w 2016 roku</strong> w oddziale endokrynologii w Klinicznym Szpitalu przy ul. Lwowskiej.<br>Obecnie pracujemy w dwóch szpitalach: w Rzeszowie i w Łańcucie obejmując nauczaniem dzieci i młodzież przebywającą w 15 oddziałach szpitalnych.	</p>

</div>

</div>

</div>
